et x be c(-6). Calculate u(x).
0
Let y(l) = -33*l - 43. Let g(v) = 34*v + 11. Let h(n) = -3*g(n) - 4*y(n). What is h(-5)?
-11
Let n(d) = 3 + 1 + 0 - 6*d. Let s = -305 + 274. Let u be (-12)/(-66) - s/11. What is n(u)?
-14
Let m(n) = -n**2 - 5*n - 4. Let i be -1*(-5 - 1) + 156. Let a = i - 165. Give m(a).
2
Let a(g) = g - 4. Let h be 45*(-14)/(-42) + -8. Determine a(h).
3
Let k(v) = -8*v - 12. Let s be k(-2). Suppose 2*n - 17 = 3*o, -5*o + s*n + 0*n = 25. Let r(t) = -13 - 15 + 51 + t - 17. Calculate r(o).
-3
Let c(t) = -t**3 + 16*t**2 - 16*t + 8. Let j(i) = 4*i - 21*i - 12 + 36 + 62 + 48. Let h be j(7). What is c(h)?
-7
Let b(g) = 0*g + 3*g**2 - 3*g - 6 - 3*g - 4*g**2. Let r(c) = -3*c - 3. Let d be r(-6). Let z be (36/(-16))/(d/40). What is b(z)?
-6
Let v be (12/15)/(2/(-10)). Let g be (1 + 0)*(13 + v - 4). Let j be -5 - (-25)/g - 2/1. Let b(p) = 2*p**3 + 2*p**2 - p + 1. What is b(j)?
-5
Suppose -5*q - 18 = -293. Let b be 12 + (-902)/q + 4/10. Let d(f) = -f**2 - f - 5. Calculate d(b).
-17
Let f(n) = 403*n - 6855. Let k be f(17). Let o(y) = 3*y + 52. Give o(k).
40
Suppose 796*q + 11680 = 431*q. Let l(v) = -9*v - 284. Determine l(q).
4
Let c(o) = o**2 + 5*o - 10. Let f be (-21 + 3)*(-1)/(-2). Calculate c(f).
26
Let w(g) = 2*g**3 + 46*g**2 - 159*g - 61. Let b be w(-26). Let r(m) = m**3 - 18*m**2 + 14*m + 42. What is r(b)?
-9
Let y(c) be the third derivative of c**5/60 + c**4/3 - 22*c**3/3 + 31*c**2 - c + 2. Determine y(-11).
-11
Let y(u) = -u**2 + 12*u - 3. Let x(p) = -2*p**2 + 24*p - 6. Let f(d) = 4*x(d) - 7*y(d). Determine f(7).
32
Let n(f) = 3*f**3 - 3*f**2 + 2*f - 3. Let k be n(3). Suppose 3*h = 7*m - 3*m - k, -h = -3*m + 49. Let z(r) = m - 8 - 6 - r. What is z(-5)?
9
Let t(s) be the third derivative of -s**4/12 - 2*s**3/3 - 784*s**2. Suppose -8 = -6*p + 4. Suppose -5*y - 2*z - 21 = 0, -3*z = p*z + 15. Determine t(y).
2
Let w(p) be the third derivative of -p**4/24 + 11*p**3/3 + 2831*p**2. Calculate w(23).
-1
Let o = -38860 - -38860. Let p(u) be the third derivative of u**4/24 - 29*u**3/6 + u**2. What is p(o)?
-29
Let d(v) = v**2 + 7*v - 4. Let j be d(-8). Suppose 0*z + 16 = 8*z. Let h(a) = 3*a**2 + 16 - 17 - 3*a - 4*a**z + 5*a. Calculate h(j).
-9
Let o(f) = -9*f - 72988 + 36501 - f**2 + 36610. Give o(6).
33
Let m(v) = 45 - 5*v**2 + 53 - 58*v - 70. Determine m(-12).
4
Let w(z) = -13*z**3 + 3*z**2 + 9*z + 8. Let o(h) = -2*h**3 + h**2 + 2*h. Let l(v) = -6*o(v) + w(v). Calculate l(-4).
36
Let c(n) be the second derivative of -1/12*n**4 - 5*n**2 - 10 + 2*n - 13/6*n**3. Determine c(-11).
12
Let h(d) = 4*d**2 + 3*d + 11 - 1 - 7 - d**3. Suppose 2*u - 19 = -9. Calculate h(u).
-7
Let j(z) = 8*z - 4. Suppose 280*t + 805 + 595 = 0. Determine j(t).
-44
Let h = -772 + 779. Let g(m) = -m**3 + 9*m**2 - m + 2. What is g(h)?
93
Suppose 5*i - 35 = -4*v, -i = -v + 8 - 6. Suppose i*t = n - 4*n + 15, 5*t - 2*n - 39 = 0. Let r(j) = -7 + 4 + 4 - j. What is r(t)?
-6
Let x(a) be the second derivative of -3/2*a**2 - 67*a + 0 + 1/6*a**3. Let c = 1 - 1. Calculate x(c).
-3
Let t(b) = -b**3 - 6*b**2 + 2*b + 5. Let q be 141/(-2) + 18/36. Let j = -69 - q. Let g be 608/(-128) - j/4. Determine t(g).
-30
Let l(z) = z**2 + 39*z + 284. Suppose 269 = 4*r - 3*f + 388, 4*r + 2*f = -114. Determine l(r).
-6
Let m(g) = 12. Let o(c) = -4*c - 119. Let q(x) = 8*m(x) + o(x). Give q(5).
-43
Let n = 6789 + -6786. Let p(z) be the first derivative of 1/4*z**4 + 6*z - n + 5/2*z**2 - 7/3*z**3. What is p(6)?
0
Suppose 151 - 888 = -67*r. Let f(g) = g**2 - 20*g + 20. Calculate f(r).
-79
Suppose 7389*i = 7323*i - 528. Let n(b) be the second derivative of b**4/12 + 4*b**3/3 - b. Determine n(i).
0
Suppose -m - 4*y = 3*m - 28, 3*m - 4*y = 28. Suppose m = 5*f - 3*f. Let g(b) = -19*b - 3 + 22*b - f + 4. Calculate g(4).
9
Let x(u) = -2*u**2 + 55*u - 120. Let v be x(25). Let l(a) = 17*a + 6. Let f(y) = 19*y + 6. Let q(n) = v*f(n) - 6*l(n). What is q(-2)?
8
Let a(n) = n**2 + 125*n + 33. Let k(r) = -2*r**2 - 222*r - 58. Let f(o) = -16*a(o) - 9*k(o). Determine f(-2).
6
Let q(t) be the first derivative of -2*t**3/3 - 4*t**2 - 2*t - 34. Let z(h) = 9*h**2 + 64*h + 1. Let g be z(-7). Give q(g).
-26
Suppose 27*u - j = 28*u + 3, 4*u + j + 3 = 0. Let r(g) = -g**3 - g**2 + 2*g + 6. What is r(u)?
6
Let f(g) = -g**3 + 6*g**2 - g + 6. Suppose 12*o - 21 = 9*o. Let y = 31 - o. Let r = -18 + y. Determine f(r).
0
Let j(n) = -3*n + 36. Let s(d) = 107*d - 1272. Let l be s(12). Determine j(l).
0
Let m(f) be the third derivative of -f**6/120 + 7*f**5/60 + 5*f**4/12 + f**3/2 + f**2 - 2767*f. What is m(8)?
19
Let y(t) be the third derivative of -t**6/120 - t**5/20 + t**4/4 + t**3/6 + 538*t**2. Calculate y(-4).
-7
Let n(t) = 3*t**2 - 141*t - 447. Let p be n(50). Let h(m) = -2*m**2 - 2*m + 2. What is h(p)?
-22
Let m(l) be the first derivative of -13*l**2 + l + 96. Let f = -39 - -38. What is m(f)?
27
Suppose r + 4 = 0, -4*z + 7*z - 2*r + 43 = 0. Let h be (-13 + z)/(2*(-3)/8). Suppose -12*l = -4*l + h. Let v(n) = -2*n + 2. Determine v(l).
12
Let v(s) = 8*s**2 + 5*s - 5. Let t = -685 - -686. Determine v(t).
8
Let q = 755 - 713. Let p(i) = -q*i - 61*i + 164*i - 10 - 60*i. Let a = -11 - -17. What is p(a)?
-4
Suppose 3*x - 5*p + 34 = 0, 2*x - p - 4 = -3*p. Let w(l) = l**2 + 10*l - 2. Let u(y) = -4*y**2 - 22*y + 5. Let r(a) = u(a) + 2*w(a). Give r(x).
-11
Let c(k) be the third derivative of 0 + 17/6*k**3 - 5/12*k**4 + 1/120*k**6 - k**2 - 7/60*k**5 + 17*k. What is c(8)?
1
Let b(g) be the third derivative of -g**5/20 - g**4/3 - g**3/2 - 33*g**2 - 2*g. Let j(z) = z**2 + 2*z + 1. Let x(i) = -3*b(i) - 8*j(i). Determine x(-5).
-14
Let g be 20/25 - (-4 - 96/5). Suppose 0 = 34*m + g - 92. Let i(a) = -2*a**3 + 4*a**2 - a - 4. Determine i(m).
-6
Let t(r) = -r**3 + 11*r**2 - 23*r - 9. Let c be 428/(-321)*(-4 + -2). Calculate t(c).
-1
Let u(b) = -8*b - 41. Suppose 436*n - 330*n + 636 = 0. Give u(n).
7
Let p(w) be the second derivative of w**3/6 - 2*w**2 + w - 3436. What is p(16)?
12
Let p be 2/(-7)*(-49)/14. Let r(c) = p - 25*c + 0 + 10*c + 14*c. Determine r(10).
-9
Let h(y) be the first derivative of -y**4/12 - y**2/2 + 8*y - 62. Let w(i) be the second derivative of h(i). What is w(1)?
-2
Let m = -3 - -7. Let a(h) = 5*h**3 - 8*h**2 + 2*h + 3. Let d(l) = 4*l**3 - 7*l**2 + l + 2. Let i = -109 - -113. Let n(c) = i*d(c) - 3*a(c). What is n(m)?
-9
Suppose w + 1 = 14. Suppose -2*x + 3*f = w, -3*x = -7*f + 11*f + 11. Let m(b) = b**2 + 3*b + 7. Determine m(x).
17
Let w(r) = 4*r - 8. Suppose 0 = 3*x - 4*q + 18, -401*x + q - 9 = -398*x. Give w(x).
-16
Let l(j) = 3*j**2 + 3*j + 25. Suppose r - 16 = 4*a, 5*r - 13 = 3*a + 4*r. Determine l(a).
43
Let h(u) = 11*u**2 - 6*u**2 - 295 + u**2 + 288 - 7*u**2 - 5*u. Give h(-4).
-3
Suppose -4*h + 12 = -4*z, h - 2*z = z - 5. Let w(l) = h - 6 + 7*l**2 - 2. What is w(1)?
6
Let y(s) = -4*s - 24. Suppose -20*f = 17 - 17. What is y(f)?
-24
Let b(n) = -n**3 - n**2 + 3*n - 7. Let g(k) = -k**3 - 9*k**2 + 17*k - 10. Let i(w) = 2*b(w) - g(w). Give i(5).
-9
Suppose -12445 - 4385 = -18*y. Let p(k) = -2*k + 12 + y*k**2 - 936*k**2 + 8*k. Calculate p(7).
5
Let t(f) = f**2 - 11*f - 12. Let i be (-77)/(-308) + 78/8. Determine t(i).
-22
Let o(q) = q**3 - 4*q**2 - 3*q + 6. Suppose -3*y - 47 = -4*k - 15, 4*y = 2*k - 26. Let j be (-45)/(-5) + y + (-3 - -2). Determine o(j).
-6
Let w(o) = o**3 + 14*o**2 + 8. Let q(r) = r**3 + 13*r**2 + 9. Let v be (2/5)/((-42)/(-315)). Let c(d) = v*w(d) - 4*q(d). Give c(-10).
-12
Let p(j) be the third derivative of j**6/120 + j**5/30 - 7*j**4/24 + 2*j**3/3 - 241*j**2. Determine p(2).
6
Let i(h) be the first derivative of h**3/3 - h**2 + h - 1. Let t(q) = 2*q**2 - 12*q + 5. Let r(x) = -i(x) + t(x). Give r(9).
-5
Let w(q) = 5*q**2 - 13*q. Suppose 11*p - 5*p = -24. Let f be (p + 2)/(3/6). Let i(r) = r**2 - r - 1. Let m(l) = f*i(l) + w(l). Calculate m(4).
-16
Let z(r) be the first derivative of -2*r**2 - 22*r - 35170. Suppose 2*y + 2*y + 28 = 0. What is z(y)?
6
Let f(v) = -2*v**2 - 7*v + 10. Suppose -56*r + 58*r = -4*b + 12, 2*b - 24 = 2*r. Determine f(r).
-20
Let b(o) = 12*o**3 - 17*o**2 - 18*o + 37. Let c(i) = -11*i**3 + 16*i**2 + 16*i - 34. Let z(d) = 10*b(d) + 11*c(d). Give z(4).
12
Let r(y) = y**3 + 7*y**2 + 6*y - 2. Let c be -1*(-1 + -1 + 8). Let b be r(c). Let k(g) be the second derivative of 2*g**3/3 - g*